*v - 6. Let q(z) = 10*z**2 + 107*z - 5. Let u(y) = 7*i(y) - 6*q(y). Calculate u(-4).
28
Let x(a) = 15*a + 11. Suppose 14*g + 207 - 179 = 0. Give x(g).
-19
Let d(a) = -a**3 - 5*a**2 + 4*a - 8. Let y(w) = -33*w**2 - 27*w + 86. Let c be y(3). Let z = -298 - c. Give d(z).
4
Let w(v) = -v**2 + 12*v - 18. Let l be (-5 - (-90)/(-40)*(-32)/6)/1. Calculate w(l).
17
Let y(z) = 10*z**2 + 324*z - 325. Let v be y(1). Let b(s) = s**3 - 7*s**2 - 14*s - 45. What is b(v)?
-9
Suppose -1 = 4*l - 9, 0 = -3*m - l + 38. Let d(j) = -j**2 + 10*j + 24. What is d(m)?
0
Let u(a) = 64*a + 709. Let p be u(-11). Let k(g) = -12*g + 6. What is k(p)?
-54
Let k be -3 - (87/(-6) + 2/4). Let q(p) = -9*p + 41*p + 3 - k*p. Give q(-2).
-39
Let a = -7358 + 7318. Let i(t) = 2*t**2 + 81*t + 45. Determine i(a).
5
Let f(l) = 25*l + 94. Let w be f(-8). Let i = 110 + w. Let c(d) = -d**3 + 3*d**2 + 3*d + 3. What is c(i)?
-1
Suppose -6*v = v + 945. Let o = -131 - v. Let c(x) be the second derivative of -x**5/20 + x**4/4 + x**3/2 - x**2/2 + x. Determine c(o).
-5
Let i be (-9)/(-24) + (-109)/(-8). Suppose -i*n = -23*n - 9. Let d(t) = t + 6. Let b(y) = -2*y - 13. Let p(k) = 4*b(k) + 9*d(k). Give p(n).
1
Let j(k) = k**2 + 3*k + 2. Let m be (-60)/(-29) + 30/(-435). Suppose 2 = 3*r + m*t, -3*t + 5 + 1 = 3*r. Determine j(r).
0
Let u(r) = -5*r + 7. Let q = -356 - 59. Let s = q + 422. What is u(s)?
-28
Let m(k) be the first derivative of -22*k**3/3 - k - 1995. Calculate m(1).
-23
Let j(q) be the second derivative of q**6/180 - q**5/8 - q**4/12 + 7*q**3/2 + 3*q**2/2 + 110*q. Let d(k) be the second derivative of j(k). What is d(7)?
-9
Let i = -231 - -228. Let x(o) = o**2 + 6*o + 3. Let j(m) = -m**2 - 4*m - 2. Let n(f) = i*x(f) - 4*j(f). What is n(6)?
23
Let j = 2362 + -2366. Let c(g) = -2*g**2 - 14*g - 30. What is c(j)?
-6
Let a(v) = v**2 + 5*v + 7. Suppose 5*l + 24 = d, -4*l = 13*d - 14*d + 22. Suppose d*i + 5 = 13*i. Give a(i).
7
Suppose -3*b = b - 12. Suppose 3*a - b = 2*a. Let r(x) be the third derivative of -x**5/30 + x**4/6 - x**3/3 - 62*x**2. Calculate r(a).
-8
Suppose 0*h + 5*u + 56 = -3*h, 3*h - u = -32. Let a(p) be the third derivative of -p**4/12 - 11*p**3/6 - 2*p**2 - 452*p. Give a(h).
13
Let x(a) = 3*a**2 + 2*a + 1. Let u = -273 + 274. Let y be (5/20*-4)/u. What is x(y)?
2
Let a(p) = 4*p + 85. Let t be a(-15). Suppose -t*y - 95 = 80. Let d(x) = -x**2 - 8*x - 8. Give d(y).
-1
Let h(t) = 67*t + 56. Let g be h(-1). Let i(q) = -q**2 - 9*q + 3. Calculate i(g).
-19
Let o(h) = -10*h**2 + 655*h + h**3 + 9 + 0*h**3 - 279*h - 383*h. Give o(9).
-135
Let b be 4/(-10) + (-84)/(-10). Let m(i) = -91*i**3 + 24*i**2 - 21*i - 37. Let n(c) = 85*c**3 - 23*c**2 + 20*c + 35. Let x(s) = -14*m(s) - 15*n(s). Give x(b).
9
Let t(o) = o**2 - 21*o + 25. Let b be t(20). Suppose -2*j + 7 = -3*l + 2*j, -2*j = -4*l + 4. Let c(k) = -b - l + 4 - 3*k. Calculate c(-4).
8
Let g(y) = -3*y + y + 27*y - 19*y - 39. Calculate g(6).
-3
Let i(b) be the second derivative of b**5/20 + b**4 + 5*b**3/6 + 23*b**2 - 279*b. Determine i(-12).
-14
Let p(m) = 3*m**2 + 30*m + 2. Let r be p(-10). Suppose 3*q = x + q - 4, 15 = r*x + 3*q. Let y(i) = -17*i - 7 + 4*i + x + 2. What is y(-1)?
14
Let n be -13 - (-22)/(308/266). Let t(z) = -2*z**2 + 8*z. What is t(n)?
-24
Let w(v) be the first derivative of -v**6/360 + 3*v**5/40 - v**4/8 + 4*v**3 - v**2/2 - 34. Let x(j) be the third derivative of w(j). Calculate x(9).
-3
Let m(r) = -1238*r - 305. Let l(i) = 530*i + 152. Let p(t) = 7*l(t) + 3*m(t). Give p(32).
21
Let i(t) = 4 - 3 + 8*t - 9 + 0 + 10. Let o be (-72)/48*(-2)/6*-8. What is i(o)?
-30
Let q be 10 + ((-1)/(-3))/(15/(-45)). Let s(l) = -q + 14*l - l**2 + 20 - 12 - 11 + 0*l**2. Calculate s(14).
-12
Let v(w) = 3*w**2 - 39*w - 20. Let h(x) = 8*x**2 - 101*x - 40. Let s(m) = -2*h(m) + 5*v(m). Give s(8).
-28
Let h(i) = i**2 - 8*i - 7. Suppose -2*g - 9*o = -4*o - 302, -152 = -g - 2*o. Suppose w - 740 = -4*w. Let v = g - w. Give h(v).
-7
Let b(a) = 12652*a + 12643*a - 25280*a + 231. What is b(-16)?
-9
Let w(z) = -z**2 + 78*z - 366. Let f be w(73). Let b(g) = 0 + 0 + 4*g**3 + 4*g**2 + g - 2*g**2. What is b(f)?
-3
Let z = 2734 + -2736. Let s(d) = 39*d + 80. Give s(z).
2
Let t(x) = 44*x + 155 - 33*x - 4*x. What is t(-21)?
8
Let a(c) = 7*c**2 + 15*c - 22. Let p(v) = -16*v**2 - 27*v + 48. Let r(w) = -7*a(w) - 3*p(w). Give r(-21).
73
Let v(c) = -4*c + 5. Suppose 502 = 6*j - 122. Suppose j*m - 107*m = 15. Determine v(m).
25
Let d(k) = -2*k**2 + 7*k + 3. Let g(c) = 1. Let j(l) = d(l) - 4*g(l). Let u be j(3). Let x(m) = -m + 2*m**2 - 4*m**2 + 5*m**2 + m**u. Determine x(1).
3
Suppose b + 1 = v - 0, 4*v - 8 = 3*b. Let h(c) = -10 + 31 + b*c**2 - c**3 - 3*c**2. What is h(0)?
21
Let z(r) be the first derivative of 9*r - 7 + 3/2*r**2. Determine z(-5).
-6
Let c(h) = 909*h + 10. Let i(q) = -181*q - 2. Let j(r) = -2*c(r) - 10*i(r). Give j(-10).
80
Let j = -2494 - -2508. Let g(l) = l**3 - 14*l**2 + 2*l - 30. Give g(j).
-2
Let f(p) = -p**3 + 7*p**2 - 3*p - 11. Let b = -1085 - -1091. Calculate f(b).
7
Let q = -4 - 1. Let s(a) = 18932 + 3*a - 37861 + 0*a + 18922 + a**2. Determine s(q).
3
Let u = -7 + 11. Let v be (u - 1) + 0 + 1. Let d be ((-18)/(-12))/((-2)/v). Let x(g) = 3*g**2 + 3*g - 2. What is x(d)?
16
Let h(b) = 2*b**2 - 63*b + 96. Let p be h(30). Let k(v) = -7*v**2 - 3*v - 1. Let l(j) = -12*j**2 - 7*j - 3. Let s(o) = -7*k(o) + 4*l(o). Calculate s(p).
-11
Suppose -3*k + 53 = 119*o - 123*o, 0 = -o + 3*k - 11. Let p(a) = -a**3 - 14*a**2 + 6*a - 21. Determine p(o).
-105
Let s(n) = n - 14. Let o(q) = -8*q**2 + 39*q - 6. Let k(j) = 7*j**2 - 39*j + 6. Let p(d) = -6*k(d) - 5*o(d). Let f be p(19). Determine s(f).
-1
Let j(i) = -72*i + 5684. Let x be j(79). Let z(r) = r**3 + r**2 + 6*r - 1. Let w(c) = -c**2 + c + 1. Let q(b) = 3*w(b) - z(b). Give q(x).
16
Let u(d) be the third derivative of -d**6/180 + d**5/120 - d**4/8 - 11*d**3/2 + 8*d**2 - 2. Let f(h) be the first derivative of u(h). Determine f(-3).
-24
Let c(x) = x - 12. Let m = -96 + 110. Let r be c(m). Let y(u) = -4*u + 2*u**2 + 2*u + 16 - 15. What is y(r)?
5
Let w(k) be the second derivative of 17*k**3/6 - 3*k**2/2 - 393*k - 1. Calculate w(2).
31
Let n(j) = 5*j - 6. Suppose 0 = 5*w + 45 - 35. Let q(u) = -2*u - 1. Let i(o) = w*q(o) - n(o). Suppose 35 = 5*y - 0*y. What is i(y)?
1
Let d = -5 + 7. Let y(l) = 3*l**2 + 33 + 3*l + 25 + 25 - 6*l**2 + 36 - 120. Give y(d).
-7
Let x(c) = c**3 - 7*c**2 - 7*c - 2. Let n(v) = 2*v - 5*v + 2*v**2 + 4 - 31 - 5*v. Let p be n(8). Suppose -4*z = 5 - p. Determine x(z).
6
Let m(k) = -278*k**2 - 274*k**2 - 32 + 553*k**2 + k**3 + 41. Let t be (2 + (-1 - 1))/1. Calculate m(t).
9
Let y(c) = -55*c + 4*c**2 + 21 + 52*c - 17. Let d be (6/(-8))/(1/(-4)). Let x(f) = -7*f**2 + 5*f - 8. Let n(l) = d*x(l) + 5*y(l). Calculate n(0).
-4
Let s(r) = -2*r - 4*r - 14 - r**2 + 21. Suppose 221*n = 211*n - 50. Calculate s(n).
12
Let o(x) be the third derivative of -x**9/10080 + x**8/20160 - 5*x**5/12 + 134*x**2. Let j(s) be the third derivative of o(s). Calculate j(1).
-5
Let x be 19 + (0 - -2 - 9). Let d(k) = -4*k + x*k - 18*k. What is d(5)?
-50
Let p(i) = -86*i + 382. Let o(a) = -984*a + 4392. Let c(j) = -7*o(j) + 80*p(j). What is c(24)?
8
Let g(q) be the third derivative of q**5/60 - 5*q**4/12 + 3*q**3/2 + q**2 + 103*q. Give g(10).
9
Let m(s) = -6*s + 47. Let l = -286 + 284. Let q(h) = h - 9. Let y(w) = l*m(w) - 11*q(w). Give y(-3).
2
Let p(g) = -52*g + 15. Let h be p(3). Let m = h - -144. Let z(i) = 0 - 7*i**2 - 375*i - i**m + 369*i - 8. What is z(-6)?
-8
Suppose -3*f = 2*x + 19, -5*x - 3*f - 14 = -4*x. Let i(b) be the second derivative of b**5/20 + b**4/2 + 2*b**3/3 - 2*b**2 + 248*b. Give i(x).
1
Let m(n) = 4*n**3 - 19*n**2 - 111*n + 26. Let q(y) = -11*y**3 + 55*y**2 + 312*y - 79. Let k(h) = 14*m(h) + 5*q(h). What is k(-9)?
-85
Let q(u) be the third derivative of -u**5/60 - 3*u**4/4 - 7*u**3 - 7357*u**2. Calculate q(-15).
3
Let v(c) be the third derivative of -c**4/12 + 9*c**3/2 - c**2 - 63*c. Determine v(-13).
53
Let p be ((-28)/(-8))/((-6)/12)*1. Let v be 2/6*60/10. Let b(x) = -2*x**3 + 0*x**3 - 7*x**2 + x**3 + 0*x**v - 10. Determine b(p).
-10
Let x(h) = -7*h**2 - 9*h + 2. Let j(o) = 10*o**2 + 13*o - 3. Let v = -120 + 127. Let w(b) = v*x(b) + 5*j(b). Determine w(-3).
2
Let i = 2 - -1. Let o(h) = -8*h 